{"id":37,"date":"2017-03-15T11:28:53","date_gmt":"2017-03-15T11:28:53","guid":{"rendered":"http:\/\/ekebodagis.fi\/?page_id=37"},"modified":"2024-02-15T18:38:27","modified_gmt":"2024-02-15T16:38:27","slug":"foreningen","status":"publish","type":"page","link":"https:\/\/ekebodagis.fi\/?page_id=37","title":{"rendered":"F\u00f6reningen | Yhdistys"},"content":{"rendered":"<h3>F\u00f6reningen<\/h3>\n<p>F\u00f6reningen Ekebo r.f. grundades \u00e5r 1998. F\u00f6reningen uppr\u00e4tth\u00e5ller gruppfamiljedaghem. Ekebo \u00e4r Finlands f\u00f6rsta \u201cI Ur och Skur\u201d\u2014dagis. Vi \u00e4ter ekologisk mat och tillreder maten sj\u00e4lv. F\u00f6reningens ledande organ \u00e4r en styrelse som best\u00e5r dagisf\u00f6r\u00e4ldrar samt personalrepresentanter.<\/p>\n<h3>Yhdistys<\/h3>\n<p>F\u00f6reningen Ekebo r.f. perustettiin 1998. Yhdistys yll\u00e4pit\u00e4\u00e4 ryhm\u00e4perhep\u00e4iv\u00e4kotia. Ekebo on suomen ensimm\u00e4inen &#8220;I Ur &amp; Skur&#8221;-p\u00e4iv\u00e4koti. Kaikki perheet jotka ovat mukana Ekebon toiminnassa ovat yhdistyksen j\u00e4seni\u00e4. Yhdistyksen johtava elin on hallitus joka koostuu ryhmiksen lasten vanhemmista, sek\u00e4 henkil\u00f6kunnan edustajista.<\/p>\n","protected":false},"excerpt":{"rendered":"<p>F\u00f6reningen F\u00f6reningen Ekebo r.f. grundades \u00e5r 1998. F\u00f6reningen uppr\u00e4tth\u00e5ller gruppfamiljedaghem. Ekebo \u00e4r Finlands f\u00f6rsta \u201cI Ur och Skur\u201d\u2014dagis. Vi \u00e4ter ekologisk mat och tillreder maten sj\u00e4lv. F\u00f6reningens ledande organ \u00e4r en styrelse som best\u00e5r dagisf\u00f6r\u00e4ldrar samt personalrepresentanter. Yhdistys F\u00f6reningen Ekebo r.f. perustettiin 1998. Yhdistys yll\u00e4pit\u00e4\u00e4 ryhm\u00e4perhep\u00e4iv\u00e4kotia. Ekebo on suomen ensimm\u00e4inen &#8220;I Ur &amp; Skur&#8221;-p\u00e4iv\u00e4koti. Kaikki&hellip; <\/p>\n<p class=\"toivo-read-more\"><a href=\"https:\/\/ekebodagis.fi\/?page_id=37\" class=\"more-link\">Read more <span class=\"screen-reader-text\">F\u00f6reningen | Yhdistys<\/span><\/a><\/p>\n","protected":false},"author":1,"featured_media":0,"parent":0,"menu_order":0,"comment_status":"closed","ping_status":"closed","template":"","meta":{"footnotes":""},"yoast_head":"<!-- This site is optimized with the Yoast SEO plugin v24.5 - https:\/\/yoast.com\/wordpress\/plugins\/seo\/ -->\n<title>F\u00f6reningen | Yhdistys - Ekebo<\/title>\n<meta name=\"robots\" content=\"index, follow, max-snippet:-1, max-image-preview:large, max-video-preview:-1\" \/>\n<link rel=\"canonical\" href=\"https:\/\/ekebodagis.fi\/?page_id=37\" \/>\n<meta property=\"og:locale\" content=\"en_US\" \/>\n<meta property=\"og:type\" content=\"article\" \/>\n<meta property=\"og:title\" content=\"F\u00f6reningen | Yhdistys - Ekebo\" \/>\n<meta property=\"og:description\" content=\"F\u00f6reningen F\u00f6reningen Ekebo r.f. grundades \u00e5r 1998. F\u00f6reningen uppr\u00e4tth\u00e5ller gruppfamiljedaghem. Ekebo \u00e4r Finlands f\u00f6rsta \u201cI Ur och Skur\u201d\u2014dagis. Vi \u00e4ter ekologisk mat och tillreder maten sj\u00e4lv. F\u00f6reningens ledande organ \u00e4r en styrelse som best\u00e5r dagisf\u00f6r\u00e4ldrar samt personalrepresentanter. Yhdistys F\u00f6reningen Ekebo r.f. perustettiin 1998. Yhdistys yll\u00e4pit\u00e4\u00e4 ryhm\u00e4perhep\u00e4iv\u00e4kotia. Ekebo on suomen ensimm\u00e4inen &#8220;I Ur &amp; Skur&#8221;-p\u00e4iv\u00e4koti. Kaikki&hellip; Read more F\u00f6reningen | Yhdistys\" \/>\n<meta property=\"og:url\" content=\"https:\/\/ekebodagis.fi\/?page_id=37\" \/>\n<meta property=\"og:site_name\" content=\"Ekebo\" \/>\n<meta property=\"article:publisher\" content=\"https:\/\/www.facebook.com\/ekebodagis\/\" \/>\n<meta property=\"article:modified_time\" content=\"2024-02-15T16:38:27+00:00\" \/>\n<meta name=\"twitter:card\" content=\"summary_large_image\" \/>\n<meta name=\"twitter:label1\" content=\"Est. reading time\" \/>\n\t<meta name=\"twitter:data1\" content=\"1 minute\" \/>\n<script type=\"application\/ld+json\" class=\"yoast-schema-graph\">{\"@context\":\"https:\/\/schema.org\",\"@graph\":[{\"@type\":\"WebPage\",\"@id\":\"https:\/\/ekebodagis.fi\/?page_id=37\",\"url\":\"https:\/\/ekebodagis.fi\/?page_id=37\",\"name\":\"F\u00f6reningen | Yhdistys - Ekebo\",\"isPartOf\":{\"@id\":\"https:\/\/ekebodagis.fi\/#website\"},\"datePublished\":\"2017-03-15T11:28:53+00:00\",\"dateModified\":\"2024-02-15T16:38:27+00:00\",\"breadcrumb\":{\"@id\":\"https:\/\/ekebodagis.fi\/?page_id=37#breadcrumb\"},\"inLanguage\":\"en-US\",\"potentialAction\":[{\"@type\":\"ReadAction\",\"target\":[\"https:\/\/ekebodagis.fi\/?page_id=37\"]}]},{\"@type\":\"BreadcrumbList\",\"@id\":\"https:\/\/ekebodagis.fi\/?page_id=37#breadcrumb\",\"itemListElement\":[{\"@type\":\"ListItem\",\"position\":1,\"name\":\"Etusivu\",\"item\":\"https:\/\/ekebodagis.fi\/\"},{\"@type\":\"ListItem\",\"position\":2,\"name\":\"F\u00f6reningen | Yhdistys\"}]},{\"@type\":\"WebSite\",\"@id\":\"https:\/\/ekebodagis.fi\/#website\",\"url\":\"https:\/\/ekebodagis.fi\/\",\"name\":\"Ekebo\",\"description\":\"I ur &amp; skur - Luonnossa kotonaan\",\"potentialAction\":[{\"@type\":\"SearchAction\",\"target\":{\"@type\":\"EntryPoint\",\"urlTemplate\":\"https:\/\/ekebodagis.fi\/?s={search_term_string}\"},\"query-input\":{\"@type\":\"PropertyValueSpecification\",\"valueRequired\":true,\"valueName\":\"search_term_string\"}}],\"inLanguage\":\"en-US\"}]}<\/script>\n<!-- \/ Yoast SEO plugin. -->","yoast_head_json":{"title":"F\u00f6reningen | Yhdistys - Ekebo","robots":{"index":"index","follow":"follow","max-snippet":"max-snippet:-1","max-image-preview":"max-image-preview:large","max-video-preview":"max-video-preview:-1"},"canonical":"https:\/\/ekebodagis.fi\/?page_id=37","og_locale":"en_US","og_type":"article","og_title":"F\u00f6reningen | Yhdistys - Ekebo","og_description":"F\u00f6reningen F\u00f6reningen Ekebo r.f. grundades \u00e5r 1998. F\u00f6reningen uppr\u00e4tth\u00e5ller gruppfamiljedaghem. Ekebo \u00e4r Finlands f\u00f6rsta \u201cI Ur och Skur\u201d\u2014dagis. Vi \u00e4ter ekologisk mat och tillreder maten sj\u00e4lv. F\u00f6reningens ledande organ \u00e4r en styrelse som best\u00e5r dagisf\u00f6r\u00e4ldrar samt personalrepresentanter. Yhdistys F\u00f6reningen Ekebo r.f. perustettiin 1998. Yhdistys yll\u00e4pit\u00e4\u00e4 ryhm\u00e4perhep\u00e4iv\u00e4kotia. Ekebo on suomen ensimm\u00e4inen &#8220;I Ur &amp; Skur&#8221;-p\u00e4iv\u00e4koti. Kaikki&hellip; Read more F\u00f6reningen | Yhdistys","og_url":"https:\/\/ekebodagis.fi\/?page_id=37","og_site_name":"Ekebo","article_publisher":"https:\/\/www.facebook.com\/ekebodagis\/","article_modified_time":"2024-02-15T16:38:27+00:00","twitter_card":"summary_large_image","twitter_misc":{"Est. reading time":"1 minute"},"schema":{"@context":"https:\/\/schema.org","@graph":[{"@type":"WebPage","@id":"https:\/\/ekebodagis.fi\/?page_id=37","url":"https:\/\/ekebodagis.fi\/?page_id=37","name":"F\u00f6reningen | Yhdistys - Ekebo","isPartOf":{"@id":"https:\/\/ekebodagis.fi\/#website"},"datePublished":"2017-03-15T11:28:53+00:00","dateModified":"2024-02-15T16:38:27+00:00","breadcrumb":{"@id":"https:\/\/ekebodagis.fi\/?page_id=37#breadcrumb"},"inLanguage":"en-US","potentialAction":[{"@type":"ReadAction","target":["https:\/\/ekebodagis.fi\/?page_id=37"]}]},{"@type":"BreadcrumbList","@id":"https:\/\/ekebodagis.fi\/?page_id=37#breadcrumb","itemListElement":[{"@type":"ListItem","position":1,"name":"Etusivu","item":"https:\/\/ekebodagis.fi\/"},{"@type":"ListItem","position":2,"name":"F\u00f6reningen | Yhdistys"}]},{"@type":"WebSite","@id":"https:\/\/ekebodagis.fi\/#website","url":"https:\/\/ekebodagis.fi\/","name":"Ekebo","description":"I ur &amp; skur - Luonnossa kotonaan","potentialAction":[{"@type":"SearchAction","target":{"@type":"EntryPoint","urlTemplate":"https:\/\/ekebodagis.fi\/?s={search_term_string}"},"query-input":{"@type":"PropertyValueSpecification","valueRequired":true,"valueName":"search_term_string"}}],"inLanguage":"en-US"}]}},"_links":{"self":[{"href":"https:\/\/ekebodagis.fi\/index.php?rest_route=\/wp\/v2\/pages\/37"}],"collection":[{"href":"https:\/\/ekebodagis.fi\/index.php?rest_route=\/wp\/v2\/pages"}],"about":[{"href":"https:\/\/ekebodagis.fi\/index.php?rest_route=\/wp\/v2\/types\/page"}],"author":[{"embeddable":true,"href":"https:\/\/ekebodagis.fi\/index.php?rest_route=\/wp\/v2\/users\/1"}],"replies":[{"embeddable":true,"href":"https:\/\/ekebodagis.fi\/index.php?rest_route=%2Fwp%2Fv2%2Fcomments&post=37"}],"version-history":[{"count":5,"href":"https:\/\/ekebodagis.fi\/index.php?rest_route=\/wp\/v2\/pages\/37\/revisions"}],"predecessor-version":[{"id":244,"href":"https:\/\/ekebodagis.fi\/index.php?rest_route=\/wp\/v2\/pages\/37\/revisions\/244"}],"wp:attachment":[{"href":"https:\/\/ekebodagis.fi\/index.php?rest_route=%2Fwp%2Fv2%2Fmedia&parent=37"}],"curies":[{"name":"wp","href":"https:\/\/api.w.org\/{rel}","templated":true}]}}